3916105?
0
What is the thousands digit of 39987652?
7
What is the units digit of 6670051376?
6
What is the tens digit of 3171488855?
5
What is the ten millions digit of 76405798?
7
What is the thousands digit of 51959326?
9
What is the hundreds digit of 3316622056?
0
What is the hundreds digit of 814549257?
2
What is the ten millions digit of 550885912?
5
What is the tens digit of 577719857?
5
What is the millions digit of 1280481681?
0
What is the thousands digit of 160394727?
4
What is the thousands digit of 1800854996?
4
What is the millions digit of 1499488049?
9
What is the tens digit of 784188385?
8
What is the units digit of 51911057?
7
What is the ten thousands digit of 3893542661?
4
What is the ten thousands digit of 100364064?
6
What is the ten thousands digit of 10527295?
2
What is the units digit of 126752776?
6
What is the tens digit of 44805823?
2
What is the ten millions digit of 181606330?
8
What is the units digit of 174667232?
2
What is the millions digit of 138478427?
8
What is the tens digit of 1176287686?
8
What is the tens digit of 106608218?
1
What is the hundreds digit of 62272023?
0
What is the hundreds digit of 923993379?
3
What is the units digit of 2501710706?
6
What is the hundred thousands digit of 193794268?
7
What is the units digit of 1387443175?
5
What is the ten thousands digit of 2467394209?
9
What is the hundred thousands digit of 31179345?
1
What is the thousands digit of 3672928?
2
What is the millions digit of 686998025?
6
What is the tens digit of 167713973?
7
What is the thousands digit of 5864159198?
9
What is the millions digit of 127537010?
7
What is the tens digit of 1453806406?
0
What is the tens digit of 462676349?
4
What is the millions digit of 1299913637?
9
What is the ten thousands digit of 7053755?
5
What is the thousands digit of 57062793?
2
What is the millions digit of 1496042?
1
What is the hundred thousands digit of 177311877?
3
What is the thousands digit of 68604211?
4
What is the tens digit of 5275728448?
4
What is the units digit of 151111839?
9
What is the thousands digit of 38939048?
9
What is the millions digit of 2694634738?
4
What is the thousands digit of 1093147361?
7
What is the ten thousands digit of 186706456?
0
What is the ten thousands digit of 654691462?
9
What is the millions digit of 2938517819?
8
What is the thousands digit of 69334213?
4
What is the tens digit of 608105565?
6
What is the tens digit of 41281575?
7
What is the hundred millions digit of 889869556?
8
What is the tens digit of 93166200?
0
What is the ten millions digit of 645702509?
4
What is the tens digit of 137247281?
8
What is the units digit of 208828321?
1
What is the millions digit of 19708279?
9
What is the millions digit of 958024834?
8
What is the tens digit of 445297177?
7
What is the hundreds digit of 1797534?
5
What is the units digit of 203473642?
2
What is the units digit of 48785530?
0
What is the ten thousands digit of 22405627?
0
What is the ten millions digit of 585859148?
8
What is the thousands digit of 300077628?
7
What is the ten millions digit of 417864255?
1
What is the ten thousands digit of 3211818537?
1
What is the hundred millions digit of 1819680604?
8
What is the hundred thousands digit of 9825479?
8
What is the hundreds digit of 874979046?
0
What is the millions digit of 88288741?
8
What is the millions digit of 336976885?
6
What is the units digit of 16017650?
0
What is the hundred millions digit of 108453491?
1
What is the millions digit of 148192772?
8
What is the ten millions digit of 409715219?
0
What is the hundred millions digit of 114003687?
1
What is the millions digit of 73523183?
3
What is the hundred thousands digit of 633803392?
8
What is the hundred millions digit of 632308288?
6
What is the hundreds digit of 2875002966?
9
What is the hundreds digit of 76190408?
4
What is the ten millions digit of 421423007?
2
What is the tens digit of 64779129?
2
What is the ten thousands digit of 322677178?
7
What is the hundred thousands digit of 57373131?
3
What is the tens digit of 10045897?
9
What is the hundred thousands digit of 62704820?
7
What is the hundreds digit of 661807?
8
What is the ten millions digit of 2573757199?
7
What is the hundred thousands digit of 227836327?
8
What is the units digit of 101591316?
6
What is the tens digit of 618600594?
9
What is the units digit of 2751178?
8
What is the thousands digit of 376974392?
4
What is the ten thousands digit of 74333478?
3
What is the tens digit of 421980987?
8
What is the hundred thousands digit of 3770490463?
4
What is the millions digit of 631374224?
1
What is the tens digit of 171362413?
1
What is the hundred millions digit of 265655862?
2
What is the ten thousands digit of 22980216?
8
What is the tens digit of 4613244308?
0
What is the hundred thousands digit of 894423143?
4
What is the thousands digit of 3712454614?
4
What is the millions digit of 560814275?
0
What is the ten thousands digit of 31404598?
0
What is the thousands digit of 45848485?
8
What is the ten thousands digit of 3097793151?
9
What is the millions digit of 70570657?
0
What is the hundred thousands digit of 1497185475?
1
What is the tens digit of 114267363?
6
What is the billions digit of 2027142917?
2
What is the hundred thousands digit of 5339824951?
8
What is the hundred thousands digit of 51756819?
7
What is the ten millions digit of 1427096128?
2
What is the ten millions digit of 6203066725?
0
What is the hundred thousands digit of 3353337205?
3
What is the ten millions digit of 13375208?
1
What is the tens digit of 139967521?
2
What is the hundred thousands digit of 88954581?
9
What is the units digit of 16119422?
2
What is the thousands digit of 3020740546?
0
What is the thousands digit of 645420515?
0
What is the thousands digit of 1887466943?
6
What is the units digit of 5616382?
2
What is the ten millions digit of 22002685?
2
What is the units digit of 11426548?
8
What is the ten millions digit of 59470282?
5
What is the units digit of 203128293?
3
What is the ten millions digit of 2242542291?
4
What is the thousands digit of 87271201?
1
What is the hundreds digit of 89178353?
3
What is the hundred thousands digit of 6689428039?
4
What is the tens digit of 83800543?
4
What is the tens digit of 306272015?
1
What is the ten millions digit of 173418407?
7
What is the billions digit of 1016985998?
1
What is the tens digit of 195824732?
3
What is the thousands digit of 575226366?
6
What is the hundred millions digit of 2651979515?
6
What is the hundred millions digit of 401460672?
4
What is the units digit of 16384961?
1
What is the tens digit of 2838997247?
4
What is the ten thousands digit of 145499120?
9
What is the ten millions digit of 1551290389?
5
What is the tens digit of 10174910?
1
What is the billions digit of 1379112299?
1
What is the ten thousands digit of 21250196?
5
What is the ten thousands digit of 400307256?
0
What is the hundreds digit of 36643050?
0
What is the tens digit of 1405666485?
8
What is the millions digit of 58058038?
8
What is the ten thousands digit of 79330001?
3
What is the hundred thousands digit of 312486684?
4
What is the hundreds digit of 3119961?
9
What is the hundred thousands digit of 4060253355?
2
What is the hundred thousands digit of 216863198?
8
What is the billions digit of 3902545132?
3
What is the millions digit of 81902808?
1
What is the tens digit of 502554101?
0
What is the ten thousands digit of 5670214418?
1
What is the units digit of 823450096?
6
What is the ten thousands digit of 500839473?
3
What is the hundreds digit of 29233270?
2
What is the hundred millions digit of 881124954?
8
What is the ten thousands digit of 161295569?
9
What is the hundred millions digit of 115420559?
1
What is the hundreds digit of 10732318?
3
What is the hundred thousands digit of 8737618?
7
What is the ten millions digit of 4827049654?
2
What is the thousands digit of 141261927?
1
What is the billions digit of 1275569463?
1
What is the ten millions digit of 969569643?
6
What is the units digit of 3298296418?
8
What is the tens digit of 8757611999?
9
What is the tens digit of 306741221?
2
What is the units digit of 28283468?
8
What is the tens digit of 1305728431?
3
What is the hundred milli